{"id":775,"date":"2015-10-16T19:33:19","date_gmt":"2015-10-16T19:33:19","guid":{"rendered":"http:\/\/www.ayresdeesperanza.org\/?page_id=775"},"modified":"2016-04-20T03:33:39","modified_gmt":"2016-04-20T03:33:39","slug":"reconocimientos","status":"publish","type":"page","link":"https:\/\/www.ayresdeesperanza.org\/?page_id=775","title":{"rendered":"Reconocimientos"},"content":{"rendered":"<h3 style=\"text-align: center;\">2014<\/h3>\n<p style=\"text-align: left;\"><b>Reconocimiento del Sr. Intendente de Pilar <\/b>a Ayres de Esperanza, por la tarea realizada en cultura y promoci\u00f3n de la Educaci\u00f3n en el Barrio Salas de Del Viso.<\/p>\n<h3 style=\"text-align: center;\">2013<\/h3>\n<p><strong>Firma franquicia CONIN<\/strong>.<\/p>\n<h3 style=\"text-align: center;\">2009<\/h3>\n<p>Reconociendo la labor y trayectoria el <b>Ministerio de Obras P\u00fablicas de la Provincia de Buenos Aires se hace cargo de la terminaci\u00f3n de las obras <\/b>comenzadas por Ayres de Esperanza en Diciembre 2008 e inaugura las aulas para el Jard\u00edn de Infantes Semillitas.<\/p>\n<h3 style=\"text-align: center;\">2008<\/h3>\n<p><b>Reconocimiento del Hospital Austral <\/b><i>a los directivos del Centro Comunitario por su capacitaci\u00f3n, dedicaci\u00f3n y asistencia. <\/i><\/p>\n<h3 style=\"text-align: center;\">2007<\/h3>\n<p>De <b>la Municipalidad de Pilar <\/b>se recibe el <b>premio como &#8221; Centro Comunitario&#8221;<\/b>, por la continuidad y orientaci\u00f3n a la educaci\u00f3n.<\/p>\n<p><b>Reconocimiento <\/b><b>de la Municipalidad de Escobar <\/b>por el trabajo solidario.<\/p>\n<h3 style=\"text-align: center;\">2006<\/h3>\n<p>Integrantes de Ayres de Esperanza recibe el premio a <b>&#8220;Mujeres <\/b><b>mas solidarias&#8221;<\/b> otorgado por la <b>Red Solidaria de Argentina (Sr. Juan Carr<\/b><b>).<\/b><\/p>\n<p><b>Reconocimiento <\/b><b>del Sr. Intendente de Pilar <\/b>a Ayres de Esperanza, por la tarea realizada en cultura y promoci\u00f3n de la Educaci\u00f3n en el Barrio Salas de Del Viso.<\/p>\n<p>&nbsp;<\/p>\n","protected":false},"excerpt":{"rendered":"<p>2014 Reconocimiento del Sr. Intendente de Pilar a Ayres de Esperanza, por la tarea realizada en cultura y promoci\u00f3n de la Educaci\u00f3n en el Barrio Salas de Del Viso. 2013 Firma franquicia CONIN. 2009 Reconociendo la labor y trayectoria el Ministerio de Obras P\u00fablicas de la Provincia de Buenos Aires se hace cargo de la terminaci\u00f3n de las obras comenzadas por Ayres de Esperanza en Diciembre 2008 e inaugura las aulas para el Jard\u00edn de Infantes Semillitas. 2008 Reconocimiento del &#8230; <i><a class=\"read-more\" href=\"https:\/\/www.ayresdeesperanza.org\/?page_id=775\">read more<\/a><\/i><\/p>\n","protected":false},"author":1,"featured_media":0,"parent":0,"menu_order":0,"comment_status":"closed","ping_status":"closed","template":"template-full.php","meta":[],"_links":{"self":[{"href":"https:\/\/www.ayresdeesperanza.org\/index.php?rest_route=\/wp\/v2\/pages\/775"}],"collection":[{"href":"https:\/\/www.ayresdeesperanza.org\/index.php?rest_route=\/wp\/v2\/pages"}],"about":[{"href":"https:\/\/www.ayresdeesperanza.org\/index.php?rest_route=\/wp\/v2\/types\/page"}],"author":[{"embeddable":true,"href":"https:\/\/www.ayresdeesperanza.org\/index.php?rest_route=\/wp\/v2\/users\/1"}],"replies":[{"embeddable":true,"href":"https:\/\/www.ayresdeesperanza.org\/index.php?rest_route=%2Fwp%2Fv2%2Fcomments&post=775"}],"version-history":[{"count":14,"href":"https:\/\/www.ayresdeesperanza.org\/index.php?rest_route=\/wp\/v2\/pages\/775\/revisions"}],"predecessor-version":[{"id":885,"href":"https:\/\/www.ayresdeesperanza.org\/index.php?rest_route=\/wp\/v2\/pages\/775\/revisions\/885"}],"wp:attachment":[{"href":"https:\/\/www.ayresdeesperanza.org\/index.php?rest_route=%2Fwp%2Fv2%2Fmedia&parent=775"}],"curies":[{"name":"wp","href":"https:\/\/api.w.org\/{rel}","templated":true}]}}